67
-59 + (-14 - -90) + 37
54
-38 - -73 - (-80 - -7) - (-2 + (14 - 1))
97
What is (0 - -31) + -441 + 384?
-26
Calculate -11 + 51 - (-2 + 98 - -59).
-115
What is 39 + -46 - (4 - 7) - (-3 + 6 + 2)?
-9
What is -2 + (-2 - ((16 + -11 - 10) + 71))?
-70
What is the value of 133 + 0 - (-74 - (-311 - -239))?
135
Calculate (-66 - -37) + 39 + -22 + 1 + 31.
20
What is 4 + 8 - (-9 - 26 - -96)?
-49
(225 - 94 - 97) + -55
-21
Evaluate 3037 + -3016 + (1 - 1 - (5 - 23)).
39
What is the value of -63 - -118 - 45 - 23?
-13
Calculate 66 - 86 - (37 + 4).
-61
Evaluate 120 - ((143 - 46) + -14).
37
-60 + -2 + (-127 + 239 - 130)
-80
-108 - -83 - (-31 - 29)
35
What is the value of -74 - (-129 + 42 + -62)?
75
Calculate 72 + (-98 + 144 - 27).
91
What is 37 - (-1 + 6 + 2 + (64 + -63 - 17))?
46
-11 - (-75 - -63) - 64
-63
What is the value of 3 - (31 - ((-6 + -2 - -10) + 5 + -7))?
-28
What is the value of 52 - -2 - (-234 - -256)?
32
What is 2 - ((-3 - -7) + 13 + -16 + -7) - -36?
44
What is the value of 2 + (-7 + -29 + 57 - 36)?
-13
Calculate -62 + (-67 - -157) + 8.
36
What is 42 + -50 - (5 - (50 + -1 + 3))?
39
What is (3 + 0 - 21) + -64 + 40?
-42
-13 - -24 - ((114 - -1) + 10 + 9)
-123
Evaluate 18 + (-10 - (70 + -32)).
-30
Evaluate -6 - (-2 + (33 - 21 - (-5 - -11))).
-10
What is the value of -25 + -46 + (-40 - -106)?
-5
What is the value of -4 + 156 + -172 + 32 + (-4 - -8)?
16
What is (2 + 43 - -2) + (239 - 248)?
38
What is the value of 149 + -105 + -92 - -78?
30
What is (-36 + 94 - 25 - 66) + 21?
-12
Calculate 32 - (64 - 26 - (-12 - -27)).
9
Evaluate (-7 - 0) + 33 + (-121 - -139).
44
Evaluate -43 + (-10 - -9 - (3 - 12)) + 2.
-33
What is 34 + (-81 - -60) + -21 + -4?
-12
What is (-20 - -9) + -1 + 54 + -104 + 68 + 35?
41
What is 21 + -118 + 41 + 95?
39
What is the value of 64 - (11 - (-1 + 12 + -19 + 9 + 2))?
56
Evaluate -469 - -509 - (4 + -25).
61
What is -53 - ((2 - (-2 + 12)) + 32 + -119 + 97)?
-55
Calculate (36 - (64 - -41)) + 73 + (0 - (105 + 0)).
-101
What is the value of (-34 + 30 - (-1 + 9)) + (0 - -16) + -78?
-74
What is the value of 37 + -90 - (-6 + (12 - 1))?
-58
What is the value of -1 + 126 + (3987 - 4079)?
33
What is -5 + 8 + (-8 - -22) + (367 - 373)?
11
What is 1 - 14 - (-56 - -6 - -163)?
-126
Evaluate 45 + (75 - 24 - 120).
-24
Calculate 71 + ((-37 - (2 - 54)) + 0 + 2 - 12).
76
What is 6 + (63 - 11) + -1 + -6 + -15?
36
What is (-6 + -1 - (174 + -252)) + 2 - 2?
71
What is the value of (11 + -2 - (-28 - -1)) + -42 + 34?
28
Evaluate -15 + -16 + (-24 + 24 - -16) + 14.
-1
6 + -113 + (2 - (-11 - 9)) - -19
-66
What is 1 + (-39 - (-97 + 61))?
-2
What is 4 + (2 - 7) + (51 - -11 - (-15 - -39))?
37
What is -23 + (26 - (19 - 7 - 29)) - 146?
-126
Evaluate (32 - (5 + -1)) + -37 + 21 + 17.
29
Calculate -4 + 8 + -4 + -8 + 1258 + -1211.
39
-8 + -3 + 4 + -3 + -9 + 9 + 13
3
Calculate (-16 - -63 - -31) + -49.
29
What is the value of (-8 + -32 + -3 - (4 - 3)) + -2?
-46
What is 3 + 58 + -41 + 26 + -5?
41
What is the value of 16 + (-38 - -29) - (38 + (2 - -1))?
-34
Calculate (0 - (5 - 4)) + 0 + 11 - (-1543 - -1583).
-30
-146 - (183 + -66 - 309)
46
-23 - (329 - 266 - (-2 - -40))
-48
What is the value of -26 - (0 + -1 + 2) - (-210 - 210 - -426)?
-33
Calculate 132 + -144 + (1 + -23 - -7).
-27
What is the value of -46 + 29 + 13 + 11?
7
Evaluate 40 - (1 + 2) - 3 - (39 - 55).
50
What is the value of (-5 + -7 - -4) + (49 - 33) + (3 - 11)?
0
(-106 + (80 - -124) - (0 - 0)) + -10
88
What is the value of -36 + (-26 + 24 - (-21 + 2))?
-19
What is the value of (67 - 54) + 82 + -29?
66
Evaluate -3 + (-6 - (1 + (-10 - 2))) + 4.
6
What is the value of (99 + -53 - (2 - (-1 - 2))) + (-4 - -6)?
43
-131 + (73 - -145) + -139
-52
Calculate 8 - (-7 + 18 - 14 - (-2 - -83)) - 12.
80
What is 14 - ((1 - -54) + (-4 - (-57 + 65)))?
-29
Calculate (-8 - (-10 + 13)) + (-1 + 27 - 3) + -68.
-56
What is -8 - (-21 - (-44 + 26 + 25))?
20
What is -1816 + 1870 - (-1 + 52)?
3
-7 - 12 - (-38 + 21) - 25
-27
What is -34 - ((-74 - -73) + 0 + 12)?
-45
Calculate 961 + -968 + 1 + -23 + 36.
7
What is 39 + 1 - (-8 - (6 - (-21 + 22)))?
53
What is the value of -2 + 20 + 51 + -92 + 26 + 34?
37
40 + (-29 - (-36 + 66)) + 31
12
Evaluate 107 + (-37 - (81 - 74)).
63
(14 - (11 + -2)) + -14 + 51
42
What is 78 - (-3 + -3 - ((-5 - -23) + -21 - -1))?
82
Calculate 2 - -61 - (151 - 95).
7
Evaluate -2 + (11 - ((-2 - 0) + 5 + 1)).
5
What is 5 - (8 + 76) - (-11 + 5) - (0 - 2)?
-71
Evaluate -22 + (3 - 4) - (-62 + 11).
28
-37 - (-184 + 77) - 102
-32
Calculate 2 + -11 + -12 + 12 + -3 + 67.
55
Evaluate (-14 - (-3 + (26 + -9 - 18))) + 4 + 0.
-6
What is the value of 71 + 2 - (-107 - -204)?
-24
What is the value of -13 - (-29 - (-53 + 15)) - -48?
26
Evaluate -12 + 52 + -2 + (-12 - -38).
64
What is -168 + 166 - (46 - 48)?
0
What is -1 + -4 - (-5 - -3) - (-29 + -82 + 159)?
-51
45 + (-36 - (39 + 28))
-58
-27 - -37 - 23 - (47 + (-6 - 2))
-52
Calculate -121 + 0 - (196 + -526 + 294).
-85
What is the value of 3 + 13 - (45 + 5 - 70)?
36
Evaluate -238 - -124 - -142 - (-15 - -1) - (0 - -11).
31
89 + (-93 - -39) + -17
18
Evaluate (-70 - 1) + (50 + 119 - 179).
-81
Calculate 4 - (-39 - (-42 - (-19 - -5) - -14)).
29
What is the value of 1 + -49 + (-49 - (-66 - -73)) + 75?
-29
Evaluate (4 - 2) + (-209 - (-76 - 28)) + (28 - 0).
-75
(72 - -93) + (15 + -10 - 44)
126
Calculate (9 - (36 - 21) - -16) + -138.
-128
Evaluate 4 - (1 + -16 + (559 - 546) + (-104 - 1)).
111
1871 - 1910 - (-1 - 25)
-13
What is the value of -8 + 18 - -10 - (36 - 30)?
14
-2264 - -2280 - (2 + -4 + 4)
14
What is the value of -47 + (12 - -38) - (-4 - -1)?
6
Evaluate -55 + 3 + -2 - (21 - (41 + -18) - 11).
-41
Evaluate -20 + 12 + -60 + -1.
-69
What is the value of (-2 + 6 - 7 - -2) + -37?
-38
What is (9 - 32) + 16 + 45?
38
What is the value of 2 + 1 + (-64 - -96) + -30?
5
Calculate 89 + (-307 - (-226 + 106)).
-98
What is the value of (4 - (-52 + 76)) + -6 + (2 - 0)?
-24
Evaluate -25 + (23 - -8 - -28).
34
What is (54 - 33 - 52) + 33?
2
What is 0 - -10 - (-90 - -96)?
4
What is 145 - 130 - (-12 - -3)?
24
What is -47 + (-34 - 1) + 108?
26
4 - -50 - (-15 + 14 - -6)
49
What is the value of 2 + -52 + 1926 + -1992?
-116
Evaluate -4 - (-12 - (0 + (3 + -2 - (33 - 47)))).
23
(-48 + 44 - -22) + -56
-38
Evaluate (30 - 108) + -20 + 102.
4
Evaluate 14 - -1 - (143 - 117) - 18.
-29
6 - (-48 - (66 - 82))
38
Evaluate -166 + 148 - (-5 - (-2 + 0 + 2)).
-13
What is the value of -45 + (74 + -31 - 9) + (11 - 1)?
-1
Calculate (-1 - 0 - 4 - 44) + (42 - 46).
-53
What is (-9 - 91) + 49 + 13?
-38
What is the value of -9 + -6 + -61 + 38?
-38
Evaluate -8 + (2 + -6 - (3 + 84 - 97)).
-2
Evaluate (-1 - 69) + (5 - 15 - (-7 + -1 + -11)).
-61
Calculate (-2 - (-6 + -98)) + (3 - (-5 + -3) - 13).
100
Calculate 5 - (5 + 26 - 11) - (-110 - -38).
57
Evaluate (-10 + 0 - (-146 + 167)) + 17.
-14
What is -101 + 168 + -29 + -1?
37
Calculate 6 - ((22 - (39 + 8)) + 5).
26
Calculate (-99 - -91 - (-1 + 20)) + (-5 - (3 + -10)).
-25
Calculate (-159 - -203) + -137 + -56.
-149
Evaluate (-37 - (-134 + 53)) + -88.
-44
Calculate 36 + (-149 - -219 - 56).
50
What is the value of (1 - 0 - (31 + -2)) + -6 + (5 - 9)?
-38
Evaluate 2 - ((-19 - 89 - -8) + 16 + (-1 - -3)).
84
Evaluate 47 - (-30 + 14 - -58).
5
What is the value of 75 + (-1 - -1) - (-1146 + 1161)?
60
Evaluate 8 + (-2 - 0) - (26 + (-27 - -14) + -3).
-4
Evaluate -9 - (6 - (22 - (-3 - -31)) - (-49 - 0)).
-70
Evaluate (-803 - -821) + (-3 - 0) + -2 + -8.
5
What is the value of (38 - -4) + 85 + -12 + -83?
32
-26 - -110 - (53 + -7)
38
What is the value of (2 + 1 - -1 - -2) + 261 + -177 + -129?
-39
Calculate 3 + 0 + -2 + 78 - (-9 + -87 + 107).
68
79 + (-4 - -3 - -13 - ((10 - 1) + -3))
85
Calculate -15 + -1 + 0 + 0 + -16 - -10.
-22
-59 + 139 + -34 + -39
7
Evaluate -4 - ((25 - (-52 - -67)) + -1 + -75).
62
Calculate -4 - (-379 - -393 - (-1 - -36)).
17
Evaluate (106 + -37 - 84) + (23 - 0).
8
What is -75 + 50 + -14 - (-21 + -1)?
-17
Evaluate 9 - 24 - (-1 + -11 - -5 - (11 + -3)).
0
32 + (3 - 4) + 47 + (-51 - -4)
31
(-194 - (-98 - -120)) + 120
-96
What is the value of 2 + (5 - 10) - ((-37 - -29) + 129)?
-124
What is the value of (28 - 27) + (14 - 57)?
-42
-98 + 68 + 40 + (-1 + -16 - (-1 - 1))
-5
7 + 46 + -53 + (-80 - (-4 + 2))
-78
What is the value of -37 - (-3 + -37 - 41)?
44
Calculate -16 + 30 - 14 - (1 + -13) - 4.
8
What